*h + 6. Suppose 0 = 5*a - 4*a - 28. Let s be a/21*1/((-2)/(-6)). Let j be w(s). What is the greatest common factor of 2 and j?
2
Suppose 6*t - 4*w = 9*t + 1, t - 9 = w. Suppose -3*c + 298 = 2*i, 0 = -t*i - 4*c + 7*c + 787. Calculate the highest common factor of i and 186.
31
Let h = -43 - -48. Suppose -c + 3*c - 480 = -h*a, -c = 0. Calculate the highest common factor of 160 and a.
32
Let d(p) = -p**2 + 12*p + 34. Suppose 5*a - 4*a + 21 = 2*y, -4*y = -4*a - 40. Let i be d(y). Let k = 57 - i. Calculate the highest common divisor of 6 and k.
6
Suppose g = -2*a + 28, -5*g + 123*a - 128*a = -160. Calculate the greatest common divisor of g and 6084.
36
Suppose 0 = 3*z - 3*j - 198, -2*z = 3*z + 5*j - 370. Suppose -3*b + z = 52. What is the highest common divisor of 54 and b?
6
Suppose 0 = 2*v + 4*y - 28, 7 = 2*v - 5*y - 3. Suppose 0 = j - 5*j + 1300. Let i = -285 + j. What is the highest common factor of i and v?
10
Let d(w) = w**2 - w + 8. Let u be d(-6). Suppose -1005*n + 133303 + 103347 = 45700. What is the highest common factor of u and n?
10
Let x(i) = 3*i**2 + 56*i + 339. Let q be x(-10). Calculate the greatest common divisor of 1027 and q.
79
Suppose 0 = -19*b + 24*b - 2*q - 11454, 0 = -4*b + 15*q + 9123. Calculate the highest common factor of b and 84.
12
Let f = -11496 + 11514. What is the greatest common divisor of f and 1251?
9
Let t = -1998 - -2103. Suppose -w - 1 = 4*s, s + 10 = -w + 6*s. Let h be -7*(w + (-1)/1). What is the greatest common divisor of t and h?
21
Let b be (-593 - -3)*(64 - 66 - (-3)/2). Let o(z) = -z**2 - 23*z - 12. Let d be o(-10). Calculate the highest common divisor of b and d.
59
Let s = 281 - 311. Let r = -25 - s. Let x(n) = -35*n**3 - n**2 - 2*n - 1. Let m be x(-1). What is the highest common divisor of r and m?
5
Suppose 4*t + 87 = 5*t. Let h(i) = 42*i - 821. Let v be h(23). Calculate the highest common factor of t and v.
29
Suppose 81 = 4*u - 3*h, 23*u = 20*u - 2*h + 82. What is the highest common divisor of u and 88?
8
Let a(l) = 29*l**3 + 5*l - 4. Let v(j) = -j**2 - 20*j + 22. Let x be v(-21). Let h be a(x). What is the highest common divisor of 42 and h?
6
Suppose 702 = 17*x - 23*x. Let d = -99 - x. What is the highest common factor of 99 and d?
9
Let l(w) = 11*w**2 - 29*w + 149. Let z be l(4). Calculate the highest common factor of 342 and z.
19
Let i(s) = s**3 + 13*s**2 + 17*s + 18. Let y be i(-12). Let h(u) = -43*u - 2. Let j be h(-2). Let o = y + j. What is the highest common factor of o and 6?
6
Suppose 0 = -11*r + 12*r + 4*o - 1498, 0 = 2*r - 3*o - 2952. Calculate the highest common factor of 95 and r.
19
Let t = 61 - -27. Let f be (-5)/(20/28) + (8 - 4). Let j be (-2 - f)/(2/16). Calculate the highest common factor of t and j.
8
Let m = -2255 - -2822. Calculate the greatest common divisor of m and 252.
63
Let a = -685 + 384. Let w = 328 + a. Calculate the greatest common factor of 9 and w.
9
Suppose -663*z - 2550 = -714*z. Let c = 30 - -100. What is the greatest common factor of c and z?
10
Suppose 54*a - 1120 = 19*a. Calculate the greatest common divisor of 200 and a.
8
Suppose 414*k - 199312 = 322742. Calculate the highest common factor of 91 and k.
13
Let o be (-1 + 213/(-2))*(-64)/(-20). Let j = -338 - o. What is the greatest common divisor of 171 and j?
3
Let t = 324 - 88. Suppose -8 = -2*v, -2*v = 3*a + 3*v - t. Suppose 0*k + 270 = 5*k. Calculate the greatest common divisor of k and a.
18
Let z = 114 - 39. Let q = -52 + z. Let n(j) = 2*j**2 - 4*j - 27. Let o be n(8). What is the highest common factor of q and o?
23
Let s(r) = -r**3 - 22*r**2 - 111*r + 11. Let n be s(-15). Suppose 0 = -p - 82 + n. What is the highest common factor of 1 and p?
1
Let t be 0 - (-33 + 0 + -2). Let w be (3 - -5)*-2 - (-248 - 13). Calculate the highest common factor of w and t.
35
Let i = 2248 + -1954. Calculate the greatest common factor of 714 and i.
42
Suppose 0 = -3*q - 18, 366*q - 374 = -2*p + 363*q. What is the greatest common divisor of p and 882?
98
Let u(r) = -1974*r + 771. Let b be u(-3). What is the highest common factor of 97 and b?
97
Suppose 4*g - 4*q = 2058 + 1910, -2*q - 1000 = -g. What is the greatest common divisor of 24 and g?
24
Let u be -4953*20/(-9)*(-36)/(-60). What is the highest common divisor of 52 and u?
52
Suppose 3*j = -5*k + 4*k + 1537, 2*k = 3*j - 1552. Suppose -4*q - w = -681, j = 3*q + 2*w + 2*w. Calculate the highest common divisor of 34 and q.
34
Let b be 1/5 - (-56)/20. Suppose -3*w - 258 = -z - b*z, -z = -5*w - 56. Suppose -z = -4*m + 2*p, -4*p - p = 5. Calculate the greatest common factor of 64 and m.
16
Suppose -64 = i + 7*i. Let g = -9 - i. Let p be (1/(-2))/(g/(4 - -2)). Calculate the greatest common divisor of 21 and p.
3
Suppose 0 = 2*d - 4. Suppose 0 = -d*i - 0*i + 28. Suppose 0 = -8*q - 3*q + 1694. Calculate the greatest common factor of q and i.
14
Suppose -460*d + 465*d + 25 = 0. Let n be ((-1)/2)/((d - -4)/44). Let w = -28 + 39. What is the greatest common divisor of w and n?
11
Suppose 10*p - 30 = 7*p. Suppose -5*t + 3*i + 5 = 0, -t - t + 1 = -i. Let b be (t - 12/18)*30/(-8). What is the greatest common divisor of p and b?
10
Let v be (-8)/(16/10)*-9. Let l(o) = 0*o**3 - 3*o + o**3 + 45*o**2 - 3 - 41*o**2. Let x be l(-4). Calculate the highest common divisor of v and x.
9
Let u = 6964 - 4642. What is the highest common divisor of u and 215?
43
Suppose 832*p = 806*p + 6734. Calculate the highest common factor of p and 35.
7
Suppose -572 = 11*x - 33*x. Let m(l) = -l**3 + 28*l**2 - 49*l - 57. Let r be m(x). Calculate the highest common divisor of r and 9.
3
Suppose -3*a - 4*h = 7, 2*a - 4*h = 287 - 245. Let y(t) = -t**3 + 5*t**2 + 2*t - 5. Let j be y(6). Let r = 50 + j. What is the highest common factor of r and a?
7
Suppose 2 - 3 = -z. Let t be z + -5 - -191 - 2. Suppose 4*q = 551 + t. What is the highest common divisor of q and 23?
23
Let x be ((-10737)/36)/((-1)/4) - 8. What is the highest common factor of 15 and x?
15
Let x be 3 - (-6 + 3 + (1 - -3)). Let z be 27 - (5 + -4) - (0 + x). Let u be ((-18)/7)/((-39)/(-42) + -1). Calculate the greatest common factor of z and u.
12
Let j = 27215 + -25447. What is the highest common factor of j and 221?
221
Let v be (-13)/(-5) + 33/(-55) + 4. Let w = 94 - v. Suppose -86 = -3*c + 4*y + y, 0 = -5*c + 2*y + 118. What is the greatest common divisor of w and c?
22
Suppose -52*r + 582 = 62. Let b = 51 + -49. Calculate the greatest common factor of b and r.
2
Suppose 383*k + 395*k - 317298 = 231*k - 37781. Suppose -5*z + z = -28. What is the greatest common divisor of z and k?
7
Suppose 18480 = -3*a + 8*a. Suppose -3*b - 3*b = -a. Suppose w = -w + b. Calculate the greatest common factor of w and 28.
28
Let f(q) = -10*q**3 + 8*q**2 + 12*q + 11. Let p be f(-4). Calculate the highest common factor of 86 and p.
43
Suppose -38 = 3*h - 50. Let o(r) = 9*r**3 - 12*r**2 + 32*r - 24. Let p be o(h). What is the greatest common factor of p and 61?
61
Suppose -820*b + 812*b + 8 = 0. What is the highest common factor of 169 and b?
1
Let k = 41 - -93. Let q = -132 + k. Calculate the highest common factor of q and 5.
1
Let j(w) = -2*w + 6. Let p be j(0). Suppose 4*a - p = 6. Suppose -40 = -a*u - 2*d, -5*d - 3 = -u - 1. Calculate the greatest common divisor of 8 and u.
4
Let g(x) = 80*x + 39. Let c be g(0). What is the highest common factor of c and 3029?
13
Let n be 2/4*138*(-55)/15. Let c = -513 + 344. Let w = c - n. What is the greatest common factor of w and 12?
12
Suppose -3*o + 144448 = 29*o. Suppose 0 = 30*r - 19694 + o. Calculate the highest common factor of 44 and r.
22
Let s(y) = 1315*y**2 + 64*y + 133. Let k be s(-2). Calculate the greatest common factor of 5 and k.
5
Suppose -134568 = 18*f - 128*f - 68*f. Calculate the highest common factor of f and 1449.
63
Let n be (65/15 + -5)*(-33)/2. Suppose n*z - 126 = 8*z. Suppose 7*b - 6*b = 378. Calculate the greatest common divisor of z and b.
42
Let s = 591 - 303. Suppose -4*c + 88*i + 256 = 87*i, -2*i + 192 = 3*c. What is the highest common divisor of s and c?
32
Let r = -10635 - -11169. What is the greatest common factor of r and 54?
6
Suppose 2*i + i = 960. Suppose 3*n + 130 = 5*r, -34757*r + 34759*r + 3*n = 10. Calculate the highest common factor of i and r.
20
Let w = -6934 + 7134. What 